836 a multiple of 14?
True
Is 85 a factor of 47828735?
True
Does 146 divide 4752154?
True
Does 167 divide 1315956159?
True
Is 9 a factor of 70319607?
False
Is 1857836350 a multiple of 25?
True
Does 36 divide 675543339?
False
Is 19 a factor of 126854457?
False
Is 77 a factor of 1390095784?
True
Is 27224014 a multiple of 519?
False
Is 174364410 a multiple of 11?
True
Is 49293316 a multiple of 41?
True
Is 26 a factor of 761254?
True
Does 26 divide 43170608?
True
Is 88096984 a multiple of 73?
True
Is 5514965998 a multiple of 14?
False
Does 151 divide 38475177?
False
Is 366194 a multiple of 1101?
False
Does 75 divide 16975678?
False
Does 62 divide 25883326?
True
Is 11901832 a multiple of 116?
True
Is 2422 a factor of 125161694?
True
Is 1459638321 a multiple of 18?
False
Is 694621020 a multiple of 85?
True
Is 275 a factor of 455153447?
False
Is 13589283 a multiple of 20?
False
Does 2 divide 17596648?
True
Is 22542221 a multiple of 221?
True
Does 688 divide 1015413008?
True
Is 7052615 a multiple of 672?
False
Does 357 divide 257156739?
True
Is 13437 a factor of 1532948056?
False
Is 570 a factor of 2095565093?
False
Does 496 divide 6970816?
False
Does 189 divide 136384766?
False
Is 214078290 a multiple of 290?
True
Is 2259 a factor of 750805758?
True
Is 8 a factor of 316645902?
False
Is 2055636800 a multiple of 53?
True
Is 97810244 a multiple of 36?
False
Is 6311232 a multiple of 3118?
False
Does 43 divide 3669734?
False
Does 2830 divide 192400736?
False
Does 515 divide 184905085?
True
Does 4359 divide 464835042?
True
Does 469 divide 1071191310?
True
Does 27 divide 1380299999?
False
Is 299 a factor of 437437?
True
Is 2174 a factor of 142831764?
False
Is 22160901 a multiple of 96?
False
Is 2391900 a multiple of 67?
True
Does 3866 divide 675301064?
False
Does 153 divide 41803884?
True
Is 890804208 a multiple of 127?
False
Does 1742 divide 202544082?
True
Is 130088600 a multiple of 1525?
True
Does 2495 divide 258993475?
True
Is 18729955 a multiple of 278?
False
Is 530596832 a multiple of 354?
False
Does 68 divide 543488912?
True
Is 27 a factor of 28407051?
True
Does 90 divide 57721770?
True
Is 277 a factor of 2442816464?
True
Is 116375094 a multiple of 9?
True
Is 65179 a multiple of 115?
False
Is 27100014 a multiple of 397?
True
Is 12 a factor of 137042445?
False
Does 1302 divide 612367056?
True
Is 1017 a factor of 303361816?
False
Is 198732501 a multiple of 12?
False
Does 6307 divide 1985640284?
False
Is 146 a factor of 32874090?
True
Is 2957316989 a multiple of 11?
True
Does 7754 divide 608826826?
False
Does 57 divide 2384277777?
False
Is 44880827 a multiple of 68?
False
Is 282320999 a multiple of 2?
False
Is 158 a factor of 9338233?
False
Is 35705708 a multiple of 4?
True
Is 339 a factor of 305247035?
False
Does 35 divide 724319942?
False
Does 46 divide 4779267152?
True
Is 336839920 a multiple of 20?
True
Is 3358 a factor of 1086843564?
True
Does 8 divide 3574936?
True
Is 28566046 a multiple of 9?
False
Is 43 a factor of 8224513?
False
Is 182330922 a multiple of 21?
False
Is 1543120577 a multiple of 1297?
False
Is 225552892 a multiple of 7579?
False
Is 1005 a factor of 29068951?
False
Is 111 a factor of 295613757?
True
Is 9756132 a multiple of 137?
False
Is 111038165 a multiple of 245?
True
Is 15 a factor of 62452065?
True
Does 138 divide 11968887?
False
Does 15 divide 185049803?
False
Is 64031067 a multiple of 27?
True
Is 151782177 a multiple of 295?
False
Is 14 a factor of 13351536?
False
Is 12608960 a multiple of 91?
True
Does 5184 divide 215368796?
False
Is 1503374585 a multiple of 7963?
True
Is 1519 a factor of 482368584?
False
Is 56490642 a multiple of 6?
True
Is 157 a factor of 3673864998?
True
Is 24317416 a multiple of 227?
False
Is 8652 a factor of 3553488876?
True
Does 83 divide 1054805?
False
Is 1007 a factor of 28350071?
True
Is 52648924 a multiple of 76?
True
Is 20011230 a multiple of 1651?
False
Is 24 a factor of 2499021389?
False
Is 799 a factor of 44512192?
False
Does 9 divide 215177427?
True
Is 249374976 a multiple of 256?
True
Does 606 divide 12840534?
True
Does 21 divide 512661081?
False
Is 1430699712 a multiple of 96?
True
Is 3 a factor of 13489038?
True
Is 10 a factor of 1168011200?
True
Is 847 a factor of 17326380?
False
Is 9 a factor of 46323909?
True
Is 657469686 a multiple of 97?
True
Does 1856 divide 46378728?
False
Is 328 a factor of 5678340920?
True
Does 2 divide 21875722?
True
Is 141 a factor of 146661711?
False
Is 839594703 a multiple of 215?
False
Is 3012043438 a multiple of 4978?
True
Is 19581900 a multiple of 780?
True
Is 36 a factor of 55287648?
True
Is 16459370 a multiple of 337?
False
Does 5 divide 25394460?
True
Does 2305 divide 371941103?
False
Is 49 a factor of 564521748?
True
Does 78 divide 1710592962?
True
Does 3 divide 15254538?
True
Does 17 divide 89803996?
True
Does 8 divide 105579944?
True
Is 278464540 a multiple of 1954?
True
Does 217 divide 314840309?
True
Does 17 divide 37214322?
False
Is 670006442 a multiple of 8?
False
Is 7878 a factor of 479636274?
True
Is 7227963 a multiple of 1757?
False
Is 180 a factor of 26556769?
False
Does 14 divide 164402222?
False
Is 36 a factor of 45846565?
False
Is 7 a factor of 7027813?
False
Does 19 divide 109529452?
True
Is 5 a factor of 63654085?
True
Is 6830 a factor of 728098490?
True
Is 3887 a factor of 100247550?
False
Is 779721050 a multiple of 25?
True
Is 1863 a factor of 125573515?
False
Does 578 divide 33031969?
False
Does 127 divide 90873834?
True
Does 24 divide 19547993?
False
Does 979 divide 99791428?
True
Does 1024 divide 29584384?
True
Is 678926595 a multiple of 600?
False
Is 69968160 a multiple of 509?
False
Does 3 divide 590893485?
True
Is 1789 a factor of 54815775?
False
Is 17 a factor of 3598114362?
True
Is 26 a factor of 29277560?
True
Is 396 a factor of 207377280?
True
Does 723 divide 30411095?
False
Is 34443288 a multiple of 376?
False
Is 3536641730 a multiple of 186?
False
Does 150 divide 86889150?
True
Does 3029 divide 385457086?
False
Does 243 divide 100189872?
True
Is 92644618 a multiple of 319?
True
Does 10 divide 86609550?
True
Is 1355289 a multiple of 247?
True
Is 7831205 a multiple of 11?
False
Does 25 divide 34069975?
True
Does 217 divide 27784463?
True
Does 38 divide 7062168?
False
Is 48249710 a multiple of 40?
False
Is 330 a factor of 38274583?
False
Does 295 divide 38372158?
False
Is 13 a factor of 245667513?
True
Does 9 divide 102209841?
True
Is 490854099 a multiple of 177?
True
Is 1443386937 a multiple of 2225?
False
Is 79411850 a multiple of 98?
True
Does 15 divide 681873210?
True
Is 60895307 a multiple of 3376?
False
Is 4 a factor of 5511319?
False
Is 37 a factor of 31536950?
True
Does 6 divide 131209463?
False
Does 11 divide 30694656?
False
Is 19515351 a multiple of 21?
False
Is 4143616843 a multiple of 14459?
True
Is 5458624 a multiple of 1216?
True
Does 7 divide 450011390?
False
Is 23 a factor of 265824570?
True
Does 13 divide 86191102?
False
Does 2499 divide 3357120466?
False
Is 2550446 even?
True
Is 30 a factor of 33958290?
True
Is 13 a factor of 295703031?
True
Is 2907 a factor of 1753407718?
False
Does 141 divide 1495414?
False
Is 1881918368 a multiple of 22?
True
Is 6802 a factor of 953919282?
True
Is 836 a factor of 135654376?
True
Is 181 a factor of 682935987?
True
Is 529632641 a multiple of 5390?
False
Does 4 divide 23254247?
False
Is 8331814 even?
True
Does 6 divide 299815851?
False
Is 1620261508 a multiple of 105?
False
Is 416134 a multiple of 6?
False
Is 1593358861 a multiple of 837?
False
Is 410170382 a multiple of 34?
False
Is 34780460 a multiple of 5?
True
Is 26642868 a multiple of 147?
True
Is 84 a factor of 8149693440?
True
Is 43 a factor of 2380660284?
False
Is 7154784 a multiple of 1521?
True
Is 514 a factor of 7479214?
True
Does 960 divide 372336000?
True
Does 3 divide 21424608?
True
Is 47754939 a multiple of 35?
False
Is 3383 a factor of 1032917858?
True
Does 135 divide 1423980?
True
Does 8 divide 202328875?
False
Is 1292236389 a multiple of 5?
False
Does 1057 divide 8532104?
True
Is 62776043 a multiple of 109?
True
Does 20 divide 1112212149?
False
Is 12623924 a multiple of 295?
False
Is 81522248 a multiple of 296?
True
Is 12 a factor of 20453978?
False
Does 16 divide 576462108?
False
Does 123 divide 7884546